{"id":473,"date":"2026-05-07T14:29:10","date_gmt":"2026-05-07T14:29:10","guid":{"rendered":"https:\/\/rankea.one\/dimatech\/?post_type=product&#038;p=473"},"modified":"2026-05-14T17:04:49","modified_gmt":"2026-05-14T17:04:49","slug":"pintura-asfaltica-18-lts-ormiflex-profesional-base-solvente","status":"publish","type":"product","link":"https:\/\/rankea.one\/dimatech\/producto\/pintura-asfaltica-18-lts-ormiflex-profesional-base-solvente\/","title":{"rendered":"Pintura asf\u00e1ltica 18 lts Ormiflex Profesional Base Solvente"},"content":{"rendered":"<p data-start=\"259\" data-end=\"341\">Pintura asf\u00e1ltica Ormiflex a base solvente, de aplicaci\u00f3n en fr\u00edo y secado r\u00e1pido.<\/p>\n<p data-start=\"343\" data-end=\"579\">Est\u00e1 formulada para usar como imprimaci\u00f3n antes de colocar membranas asf\u00e1lticas. Tambi\u00e9n puede aplicarse para impermeabilizar techos, chapas, estructuras met\u00e1licas, hormig\u00f3n, maceteros y jardineras.<\/p>\n<h3 data-start=\"581\" data-end=\"602\">Usos recomendados<\/h3>\n<ul data-start=\"604\" data-end=\"763\">\n<li data-start=\"604\" data-end=\"654\">Imprimaci\u00f3n previa a la colocaci\u00f3n de membranas.<\/li>\n<li data-start=\"655\" data-end=\"676\">Techos y cubiertas.<\/li>\n<li data-start=\"677\" data-end=\"710\">Chapas y estructuras met\u00e1licas.<\/li>\n<li data-start=\"711\" data-end=\"737\">Superficies de hormig\u00f3n.<\/li>\n<li data-start=\"738\" data-end=\"763\">Maceteros y jardineras.<\/li>\n<\/ul>\n<h3 data-start=\"765\" data-end=\"791\">Beneficios principales<\/h3>\n<ul data-start=\"793\" data-end=\"948\">\n<li data-start=\"793\" data-end=\"814\">Aplicaci\u00f3n en fr\u00edo.<\/li>\n<li data-start=\"815\" data-end=\"831\">Secado r\u00e1pido.<\/li>\n<li data-start=\"832\" data-end=\"879\">Buena adherencia sobre distintas superficies.<\/li>\n<li data-start=\"880\" data-end=\"911\">Apta para impermeabilizaci\u00f3n.<\/li>\n<li data-start=\"912\" data-end=\"948\">Presentaci\u00f3n en lata de 18 litros.<\/li>\n<\/ul>\n<h3 data-start=\"950\" data-end=\"967\">FICHA TECNICA<\/h3>\n<p data-start=\"969\" data-end=\"999\"><a href=\"https:\/\/drive.google.com\/file\/d\/1eSk8VziuMu1D0k3Jlx7d_gjnrLX9XG9a\/view?usp=sharing\" target=\"_blank\" rel=\"noopener\">Ver ficha t\u00e9cnica del producto<\/a><\/p>\n","protected":false},"excerpt":{"rendered":"<div class=\"woocommerce-product-details__short-description\">\n<p data-start=\"465\" data-end=\"585\">Abonando por dep\u00f3sito o transferencia<\/p>\n<h5><strong>$112.000 \ud83d\udcb3 3 y 6 Cuotas sin interes<\/strong><\/h5>\n<p data-start=\"93\" data-end=\"218\">Pintura asf\u00e1ltica de secado r\u00e1pido, ideal para imprimar superficies antes de colocar membranas asf\u00e1lticas. Lata de 18 litros.<\/p>\n<\/div>\n","protected":false},"featured_media":475,"comment_status":"closed","ping_status":"closed","template":"","meta":{"_kad_post_transparent":"default","_kad_post_title":"","_kad_post_layout":"default","_kad_post_sidebar_id":"","_kad_post_content_style":"default","_kad_post_vertical_padding":"default","_kad_post_feature":"","_kad_post_feature_position":"","_kad_post_header":false,"_kad_post_footer":false,"_kad_post_classname":"","_joinchat":[]},"product_brand":[],"product_cat":[19],"product_tag":[],"class_list":{"0":"post-473","1":"product","2":"type-product","3":"status-publish","4":"has-post-thumbnail","6":"product_cat-pintura-asfaltica","8":"first","9":"instock","10":"shipping-taxable","11":"purchasable","12":"product-type-variable","13":"entry","14":"content-bg","15":"loop-entry"},"yoast_head":"<!-- This site is optimized with the Yoast SEO plugin v27.4 - https:\/\/yoast.com\/product\/yoast-seo-wordpress\/ -->\n<title>Pintura asf\u00e1ltica 18 lts Ormiflex Profesional Base Solvente - Dimatech<\/title>\n<meta name=\"robots\" content=\"noindex, follow, max-snippet:-1, max-image-preview:large, max-video-preview:-1\" \/>\n<meta property=\"og:locale\" content=\"es_ES\" \/>\n<meta property=\"og:type\" content=\"article\" \/>\n<meta property=\"og:title\" content=\"Pintura asf\u00e1ltica 18 lts Ormiflex Profesional Base Solvente - Dimatech\" \/>\n<meta property=\"og:description\" content=\"Abonando por dep\u00f3sito o transferencia  $112.000 \ud83d\udcb3 3 y 6 Cuotas sin interes Pintura asf\u00e1ltica de secado r\u00e1pido, ideal para imprimar superficies antes de colocar membranas asf\u00e1lticas. Lata de 18 litros.\" \/>\n<meta property=\"og:url\" content=\"https:\/\/rankea.one\/dimatech\/producto\/pintura-asfaltica-18-lts-ormiflex-profesional-base-solvente\/\" \/>\n<meta property=\"og:site_name\" content=\"Dimatech\" \/>\n<meta property=\"article:modified_time\" content=\"2026-05-14T17:04:49+00:00\" \/>\n<meta property=\"og:image\" content=\"http:\/\/rankea.one\/dimatech\/wp-content\/uploads\/Pintura-asfaltica-18-lts-Ormiflex-Profesional-Base-Solvente.jpg\" \/>\n\t<meta property=\"og:image:width\" content=\"800\" \/>\n\t<meta property=\"og:image:height\" content=\"600\" \/>\n\t<meta property=\"og:image:type\" content=\"image\/jpeg\" \/>\n<meta name=\"twitter:card\" content=\"summary_large_image\" \/>\n<meta name=\"twitter:label1\" content=\"Tiempo de lectura\" \/>\n\t<meta name=\"twitter:data1\" content=\"1 minuto\" \/>\n<script type=\"application\/ld+json\" class=\"yoast-schema-graph\">{\"@context\":\"https:\\\/\\\/schema.org\",\"@graph\":[{\"@type\":\"WebPage\",\"@id\":\"https:\\\/\\\/rankea.one\\\/dimatech\\\/producto\\\/pintura-asfaltica-18-lts-ormiflex-profesional-base-solvente\\\/\",\"url\":\"https:\\\/\\\/rankea.one\\\/dimatech\\\/producto\\\/pintura-asfaltica-18-lts-ormiflex-profesional-base-solvente\\\/\",\"name\":\"Pintura asf\u00e1ltica 18 lts Ormiflex Profesional Base Solvente - Dimatech\",\"isPartOf\":{\"@id\":\"https:\\\/\\\/rankea.one\\\/dimatech\\\/#website\"},\"primaryImageOfPage\":{\"@id\":\"https:\\\/\\\/rankea.one\\\/dimatech\\\/producto\\\/pintura-asfaltica-18-lts-ormiflex-profesional-base-solvente\\\/#primaryimage\"},\"image\":{\"@id\":\"https:\\\/\\\/rankea.one\\\/dimatech\\\/producto\\\/pintura-asfaltica-18-lts-ormiflex-profesional-base-solvente\\\/#primaryimage\"},\"thumbnailUrl\":\"https:\\\/\\\/rankea.one\\\/dimatech\\\/wp-content\\\/uploads\\\/Pintura-asfaltica-18-lts-Ormiflex-Profesional-Base-Solvente.jpg\",\"datePublished\":\"2026-05-07T14:29:10+00:00\",\"dateModified\":\"2026-05-14T17:04:49+00:00\",\"breadcrumb\":{\"@id\":\"https:\\\/\\\/rankea.one\\\/dimatech\\\/producto\\\/pintura-asfaltica-18-lts-ormiflex-profesional-base-solvente\\\/#breadcrumb\"},\"inLanguage\":\"es\",\"potentialAction\":[{\"@type\":\"ReadAction\",\"target\":[\"https:\\\/\\\/rankea.one\\\/dimatech\\\/producto\\\/pintura-asfaltica-18-lts-ormiflex-profesional-base-solvente\\\/\"]}]},{\"@type\":\"ImageObject\",\"inLanguage\":\"es\",\"@id\":\"https:\\\/\\\/rankea.one\\\/dimatech\\\/producto\\\/pintura-asfaltica-18-lts-ormiflex-profesional-base-solvente\\\/#primaryimage\",\"url\":\"https:\\\/\\\/rankea.one\\\/dimatech\\\/wp-content\\\/uploads\\\/Pintura-asfaltica-18-lts-Ormiflex-Profesional-Base-Solvente.jpg\",\"contentUrl\":\"https:\\\/\\\/rankea.one\\\/dimatech\\\/wp-content\\\/uploads\\\/Pintura-asfaltica-18-lts-Ormiflex-Profesional-Base-Solvente.jpg\",\"width\":800,\"height\":600},{\"@type\":\"BreadcrumbList\",\"@id\":\"https:\\\/\\\/rankea.one\\\/dimatech\\\/producto\\\/pintura-asfaltica-18-lts-ormiflex-profesional-base-solvente\\\/#breadcrumb\",\"itemListElement\":[{\"@type\":\"ListItem\",\"position\":1,\"name\":\"Portada\",\"item\":\"https:\\\/\\\/rankea.one\\\/dimatech\\\/\"},{\"@type\":\"ListItem\",\"position\":2,\"name\":\"Tienda\",\"item\":\"https:\\\/\\\/rankea.one\\\/dimatech\\\/tienda\\\/\"},{\"@type\":\"ListItem\",\"position\":3,\"name\":\"Pintura asf\u00e1ltica 18 lts Ormiflex Profesional Base Solvente\"}]},{\"@type\":\"WebSite\",\"@id\":\"https:\\\/\\\/rankea.one\\\/dimatech\\\/#website\",\"url\":\"https:\\\/\\\/rankea.one\\\/dimatech\\\/\",\"name\":\"Dimatech\",\"description\":\"Venta y colocaci\u00f3n de membranas\",\"publisher\":{\"@id\":\"https:\\\/\\\/rankea.one\\\/dimatech\\\/#organization\"},\"potentialAction\":[{\"@type\":\"SearchAction\",\"target\":{\"@type\":\"EntryPoint\",\"urlTemplate\":\"https:\\\/\\\/rankea.one\\\/dimatech\\\/?s={search_term_string}\"},\"query-input\":{\"@type\":\"PropertyValueSpecification\",\"valueRequired\":true,\"valueName\":\"search_term_string\"}}],\"inLanguage\":\"es\"},{\"@type\":\"Organization\",\"@id\":\"https:\\\/\\\/rankea.one\\\/dimatech\\\/#organization\",\"name\":\"Dimatech\",\"url\":\"https:\\\/\\\/rankea.one\\\/dimatech\\\/\",\"logo\":{\"@type\":\"ImageObject\",\"inLanguage\":\"es\",\"@id\":\"https:\\\/\\\/rankea.one\\\/dimatech\\\/#\\\/schema\\\/logo\\\/image\\\/\",\"url\":\"https:\\\/\\\/rankea.one\\\/dimatech\\\/wp-content\\\/uploads\\\/Dimatech-logo.png\",\"contentUrl\":\"https:\\\/\\\/rankea.one\\\/dimatech\\\/wp-content\\\/uploads\\\/Dimatech-logo.png\",\"width\":996,\"height\":219,\"caption\":\"Dimatech\"},\"image\":{\"@id\":\"https:\\\/\\\/rankea.one\\\/dimatech\\\/#\\\/schema\\\/logo\\\/image\\\/\"}}]}<\/script>\n<!-- \/ Yoast SEO plugin. -->","yoast_head_json":{"title":"Pintura asf\u00e1ltica 18 lts Ormiflex Profesional Base Solvente - Dimatech","robots":{"index":"noindex","follow":"follow","max-snippet":"max-snippet:-1","max-image-preview":"max-image-preview:large","max-video-preview":"max-video-preview:-1"},"og_locale":"es_ES","og_type":"article","og_title":"Pintura asf\u00e1ltica 18 lts Ormiflex Profesional Base Solvente - Dimatech","og_description":"Abonando por dep\u00f3sito o transferencia  $112.000 \ud83d\udcb3 3 y 6 Cuotas sin interes Pintura asf\u00e1ltica de secado r\u00e1pido, ideal para imprimar superficies antes de colocar membranas asf\u00e1lticas. Lata de 18 litros.","og_url":"https:\/\/rankea.one\/dimatech\/producto\/pintura-asfaltica-18-lts-ormiflex-profesional-base-solvente\/","og_site_name":"Dimatech","article_modified_time":"2026-05-14T17:04:49+00:00","og_image":[{"width":800,"height":600,"url":"http:\/\/rankea.one\/dimatech\/wp-content\/uploads\/Pintura-asfaltica-18-lts-Ormiflex-Profesional-Base-Solvente.jpg","type":"image\/jpeg"}],"twitter_card":"summary_large_image","twitter_misc":{"Tiempo de lectura":"1 minuto"},"schema":{"@context":"https:\/\/schema.org","@graph":[{"@type":"WebPage","@id":"https:\/\/rankea.one\/dimatech\/producto\/pintura-asfaltica-18-lts-ormiflex-profesional-base-solvente\/","url":"https:\/\/rankea.one\/dimatech\/producto\/pintura-asfaltica-18-lts-ormiflex-profesional-base-solvente\/","name":"Pintura asf\u00e1ltica 18 lts Ormiflex Profesional Base Solvente - Dimatech","isPartOf":{"@id":"https:\/\/rankea.one\/dimatech\/#website"},"primaryImageOfPage":{"@id":"https:\/\/rankea.one\/dimatech\/producto\/pintura-asfaltica-18-lts-ormiflex-profesional-base-solvente\/#primaryimage"},"image":{"@id":"https:\/\/rankea.one\/dimatech\/producto\/pintura-asfaltica-18-lts-ormiflex-profesional-base-solvente\/#primaryimage"},"thumbnailUrl":"https:\/\/rankea.one\/dimatech\/wp-content\/uploads\/Pintura-asfaltica-18-lts-Ormiflex-Profesional-Base-Solvente.jpg","datePublished":"2026-05-07T14:29:10+00:00","dateModified":"2026-05-14T17:04:49+00:00","breadcrumb":{"@id":"https:\/\/rankea.one\/dimatech\/producto\/pintura-asfaltica-18-lts-ormiflex-profesional-base-solvente\/#breadcrumb"},"inLanguage":"es","potentialAction":[{"@type":"ReadAction","target":["https:\/\/rankea.one\/dimatech\/producto\/pintura-asfaltica-18-lts-ormiflex-profesional-base-solvente\/"]}]},{"@type":"ImageObject","inLanguage":"es","@id":"https:\/\/rankea.one\/dimatech\/producto\/pintura-asfaltica-18-lts-ormiflex-profesional-base-solvente\/#primaryimage","url":"https:\/\/rankea.one\/dimatech\/wp-content\/uploads\/Pintura-asfaltica-18-lts-Ormiflex-Profesional-Base-Solvente.jpg","contentUrl":"https:\/\/rankea.one\/dimatech\/wp-content\/uploads\/Pintura-asfaltica-18-lts-Ormiflex-Profesional-Base-Solvente.jpg","width":800,"height":600},{"@type":"BreadcrumbList","@id":"https:\/\/rankea.one\/dimatech\/producto\/pintura-asfaltica-18-lts-ormiflex-profesional-base-solvente\/#breadcrumb","itemListElement":[{"@type":"ListItem","position":1,"name":"Portada","item":"https:\/\/rankea.one\/dimatech\/"},{"@type":"ListItem","position":2,"name":"Tienda","item":"https:\/\/rankea.one\/dimatech\/tienda\/"},{"@type":"ListItem","position":3,"name":"Pintura asf\u00e1ltica 18 lts Ormiflex Profesional Base Solvente"}]},{"@type":"WebSite","@id":"https:\/\/rankea.one\/dimatech\/#website","url":"https:\/\/rankea.one\/dimatech\/","name":"Dimatech","description":"Venta y colocaci\u00f3n de membranas","publisher":{"@id":"https:\/\/rankea.one\/dimatech\/#organization"},"potentialAction":[{"@type":"SearchAction","target":{"@type":"EntryPoint","urlTemplate":"https:\/\/rankea.one\/dimatech\/?s={search_term_string}"},"query-input":{"@type":"PropertyValueSpecification","valueRequired":true,"valueName":"search_term_string"}}],"inLanguage":"es"},{"@type":"Organization","@id":"https:\/\/rankea.one\/dimatech\/#organization","name":"Dimatech","url":"https:\/\/rankea.one\/dimatech\/","logo":{"@type":"ImageObject","inLanguage":"es","@id":"https:\/\/rankea.one\/dimatech\/#\/schema\/logo\/image\/","url":"https:\/\/rankea.one\/dimatech\/wp-content\/uploads\/Dimatech-logo.png","contentUrl":"https:\/\/rankea.one\/dimatech\/wp-content\/uploads\/Dimatech-logo.png","width":996,"height":219,"caption":"Dimatech"},"image":{"@id":"https:\/\/rankea.one\/dimatech\/#\/schema\/logo\/image\/"}}]}},"_links":{"self":[{"href":"https:\/\/rankea.one\/dimatech\/wp-json\/wp\/v2\/product\/473","targetHints":{"allow":["GET"]}}],"collection":[{"href":"https:\/\/rankea.one\/dimatech\/wp-json\/wp\/v2\/product"}],"about":[{"href":"https:\/\/rankea.one\/dimatech\/wp-json\/wp\/v2\/types\/product"}],"replies":[{"embeddable":true,"href":"https:\/\/rankea.one\/dimatech\/wp-json\/wp\/v2\/comments?post=473"}],"wp:featuredmedia":[{"embeddable":true,"href":"https:\/\/rankea.one\/dimatech\/wp-json\/wp\/v2\/media\/475"}],"wp:attachment":[{"href":"https:\/\/rankea.one\/dimatech\/wp-json\/wp\/v2\/media?parent=473"}],"wp:term":[{"taxonomy":"product_brand","embeddable":true,"href":"https:\/\/rankea.one\/dimatech\/wp-json\/wp\/v2\/product_brand?post=473"},{"taxonomy":"product_cat","embeddable":true,"href":"https:\/\/rankea.one\/dimatech\/wp-json\/wp\/v2\/product_cat?post=473"},{"taxonomy":"product_tag","embeddable":true,"href":"https:\/\/rankea.one\/dimatech\/wp-json\/wp\/v2\/product_tag?post=473"}],"curies":[{"name":"wp","href":"https:\/\/api.w.org\/{rel}","templated":true}]}}